{"id":1938,"date":"2024-02-25T06:19:25","date_gmt":"2024-02-25T06:19:25","guid":{"rendered":"https:\/\/themejunction.net\/wp\/beauly\/?page_id=1938"},"modified":"2024-09-12T10:30:56","modified_gmt":"2024-09-12T13:30:56","slug":"sobre","status":"publish","type":"page","link":"https:\/\/neoabc.com.br\/novo-site\/sobre\/","title":{"rendered":"Sobre"},"content":{"rendered":"\t\t<div data-elementor-type=\"wp-page\" data-elementor-id=\"1938\" class=\"elementor elementor-1938\">\n\t\t\t\t<div class=\"elementor-element elementor-element-301c030 e-con-full e-flex e-con e-parent\" data-id=\"301c030\" data-element_type=\"container\" data-e-type=\"container\">\n\t\t\t\t<div class=\"elementor-element elementor-element-202ab46 elementor-widget__width-inherit elementor-widget elementor-widget-video\" data-id=\"202ab46\" data-element_type=\"widget\" data-e-type=\"widget\" data-settings=\"{&quot;video_type&quot;:&quot;hosted&quot;,&quot;autoplay&quot;:&quot;yes&quot;,&quot;play_on_mobile&quot;:&quot;yes&quot;,&quot;loop&quot;:&quot;yes&quot;}\" data-widget_type=\"video.default\">\n\t\t\t\t<div class=\"elementor-widget-container\">\n\t\t\t\t\t\t\t<div class=\"e-hosted-video elementor-wrapper elementor-open-inline\">\n\t\t\t\t\t<video class=\"elementor-video\" src=\"https:\/\/neoabc.com.br\/novo-site\/wp-content\/uploads\/2024\/07\/Inserir-um-subtitulo_20240718_110412_0001.mp4\" autoplay=\"\" loop=\"\" playsinline=\"\" controlsList=\"nodownload\"><\/video>\n\t\t\t\t<\/div>\n\t\t\t\t\t\t<\/div>\n\t\t\t\t<\/div>\n\t\t\t\t<\/div>\n\t\t<div class=\"elementor-element elementor-element-7e927aad e-flex e-con-boxed e-con e-parent\" data-id=\"7e927aad\" data-element_type=\"container\" data-e-type=\"container\">\n\t\t\t\t\t<div class=\"e-con-inner\">\n\t\t<div class=\"elementor-element elementor-element-6ce9d311 e-flex e-con-boxed e-con e-child\" data-id=\"6ce9d311\" data-element_type=\"container\" data-e-type=\"container\">\n\t\t\t\t\t<div class=\"e-con-inner\">\n\t\t\t\t<div class=\"elementor-element elementor-element-28b10a8d elementor-widget elementor-widget-heading\" data-id=\"28b10a8d\" data-element_type=\"widget\" data-e-type=\"widget\" data-widget_type=\"heading.default\">\n\t\t\t\t<div class=\"elementor-widget-container\">\n\t\t\t\t\t<h5 class=\"elementor-heading-title elementor-size-default\">Uma Empresa \u00e0 VANGUARDA DO NOVO.<\/h5>\t\t\t\t<\/div>\n\t\t\t\t<\/div>\n\t\t\t\t<div class=\"elementor-element elementor-element-f3c377e elementor-widget elementor-widget-text-editor\" data-id=\"f3c377e\" data-element_type=\"widget\" data-e-type=\"widget\" data-widget_type=\"text-editor.default\">\n\t\t\t\t<div class=\"elementor-widget-container\">\n\t\t\t\t\t\t\t\t\t<p>\u201cNosso maior compromisso \u00e9 proporcionar a maior satisfa\u00e7\u00e3o poss\u00edvel aos nossos clientes, oferecendo-lhes produtos de qualidade e honrando nossos comprometimentos de entregar no prazo pactuado e estar sempre inovando com o que h\u00e1 de mais moderno na constru\u00e7\u00e3o civil.&#8221;<\/p><p>Mensagem do nosso Fundador Presidente\u00a0 \u00a0 \u00a0 \u00a0 \u00a0 \u00a0 \u00a0Jo\u00e3o Barbosa<\/p>\t\t\t\t\t\t\t\t<\/div>\n\t\t\t\t<\/div>\n\t\t\t\t\t<\/div>\n\t\t\t\t<\/div>\n\t\t<div class=\"elementor-element elementor-element-30dfc405 e-con-full e-flex e-con e-child\" data-id=\"30dfc405\" data-element_type=\"container\" data-e-type=\"container\">\n\t\t\t\t<div class=\"elementor-element elementor-element-56b792e elementor-widget elementor-widget-video\" data-id=\"56b792e\" data-element_type=\"widget\" data-e-type=\"widget\" data-settings=\"{&quot;youtube_url&quot;:&quot;https:\\\/\\\/youtu.be\\\/0HaCxQHAJVQ&quot;,&quot;video_type&quot;:&quot;youtube&quot;,&quot;controls&quot;:&quot;yes&quot;}\" data-widget_type=\"video.default\">\n\t\t\t\t<div class=\"elementor-widget-container\">\n\t\t\t\t\t\t\t<div class=\"elementor-wrapper elementor-open-inline\">\n\t\t\t<div class=\"elementor-video\"><\/div>\t\t<\/div>\n\t\t\t\t\t\t<\/div>\n\t\t\t\t<\/div>\n\t\t\t\t<\/div>\n\t\t\t\t\t<\/div>\n\t\t\t\t<\/div>\n\t\t<div class=\"elementor-element elementor-element-d22fba0 e-flex e-con-boxed e-con e-parent\" data-id=\"d22fba0\" data-element_type=\"container\" data-e-type=\"container\">\n\t\t\t\t\t<div class=\"e-con-inner\">\n\t\t<div class=\"elementor-element elementor-element-ba63553 e-con-full e-flex e-con e-child\" data-id=\"ba63553\" data-element_type=\"container\" data-e-type=\"container\">\n\t\t\t\t<div class=\"elementor-element elementor-element-cea7eee elementor-widget elementor-widget-heading\" data-id=\"cea7eee\" data-element_type=\"widget\" data-e-type=\"widget\" data-widget_type=\"heading.default\">\n\t\t\t\t<div class=\"elementor-widget-container\">\n\t\t\t\t\t<h5 class=\"elementor-heading-title elementor-size-default\">H\u00e1 mais de 30 ANOS EDIFICANDO FELICIDADE!<\/h5>\t\t\t\t<\/div>\n\t\t\t\t<\/div>\n\t\t\t\t<div class=\"elementor-element elementor-element-7128c7a elementor-widget elementor-widget-text-editor\" data-id=\"7128c7a\" data-element_type=\"widget\" data-e-type=\"widget\" data-widget_type=\"text-editor.default\">\n\t\t\t\t<div class=\"elementor-widget-container\">\n\t\t\t\t\t\t\t\t\t<p>Nossa marca est\u00e1 consolidada pela qualidade aliada \u00e0 pontualidade na entrega.<br \/>H\u00e1 mais de 3 d\u00e9cadas contribu\u00edmos para o desenvolvimento da Capital Paraibana, integrando nossas obras \u00e0s belas paisagens de nossa cidade. Primando sempre pela qualidade, pontualidade e confian\u00e7a de nossos clientes, a Construtora NEO ABC quer se firmar cada vez mais no cora\u00e7\u00e3o do povo paraibano.<\/p>\t\t\t\t\t\t\t\t<\/div>\n\t\t\t\t<\/div>\n\t\t<div class=\"elementor-element elementor-element-c8a061b e-con-full e-flex e-con e-child\" data-id=\"c8a061b\" data-element_type=\"container\" data-e-type=\"container\">\n\t\t\t\t<div class=\"elementor-element elementor-element-0770777 elementor-widget elementor-widget-shortcode\" data-id=\"0770777\" data-element_type=\"widget\" data-e-type=\"widget\" data-widget_type=\"shortcode.default\">\n\t\t\t\t<div class=\"elementor-widget-container\">\n\t\t\t\t\t\t\t<div class=\"elementor-shortcode\"><div id=\"metaslider-id-3792\" style=\"max-width: 300px; margin: 0 auto;\" class=\"ml-slider-3-108-0 metaslider metaslider-coin metaslider-3792 ml-slider ml-slider-lightbox-2-22-0 gallery foobox-image-lightbox-2-7-41 ms-theme-default\" role=\"region\" aria-label=\"PORTFOLIO\" data-height=\"200\" data-width=\"300\">\n    <div id=\"metaslider_container_3792\">\n        <div id='metaslider_3792' class='coin-slider'>\n<a href=\"javascript:void(0)\" target=\"_self\"><img fetchpriority=\"high\" decoding=\"async\" src=\"https:\/\/neoabc.com.br\/novo-site\/wp-content\/uploads\/2024\/07\/cropped-cropped-Terrazzo-5-300x200.jpg\" height=\"200\" width=\"300\" alt=\"\" class=\"slider-3792 slide-3795 msDefaultImage\" title=\"cropped-cropped-Terrazzo-5\" style=\"display: none;\" \/><span>TERRAZZO MIRAMAR 2022<\/span><\/a>\n<a href=\"javascript:void(0)\" target=\"_self\"><img decoding=\"async\" src=\"https:\/\/neoabc.com.br\/novo-site\/wp-content\/uploads\/2024\/07\/WhatsApp-Image-2021-04-19-at-15.25.56-300x200.jpeg\" height=\"200\" width=\"300\" alt=\"\" class=\"slider-3792 slide-3796 msDefaultImage\" title=\"WhatsApp-Image-2021-04-19-at-15.25.56\" style=\"display: none;\" \/><span>INFINITY VIEW - 2021<\/span><\/a>\n<a href=\"javascript:void(0)\" target=\"_self\"><img decoding=\"async\" src=\"https:\/\/neoabc.com.br\/novo-site\/wp-content\/uploads\/2024\/07\/Fachada-sudeste-pronta-300x200.jpeg\" height=\"200\" width=\"300\" alt=\"\" class=\"slider-3792 slide-3797 msDefaultImage\" title=\"Fachada-sudeste-pronta\" style=\"display: none;\" \/><span>FORTUNE SMART HOME\n2021<\/span><\/a>\n<a href=\"javascript:void(0)\" target=\"_self\"><img loading=\"lazy\" decoding=\"async\" src=\"https:\/\/neoabc.com.br\/novo-site\/wp-content\/uploads\/2024\/07\/patio-300x200.jpg\" height=\"200\" width=\"300\" alt=\"\" class=\"slider-3792 slide-3798 msDefaultImage\" title=\"patio\" style=\"display: none;\" \/><span>SHOPPING P\u00c1TIO ALTIPLANO -2019<\/span><\/a>\n<a href=\"javascript:void(0)\" target=\"_self\"><img loading=\"lazy\" decoding=\"async\" src=\"https:\/\/neoabc.com.br\/novo-site\/wp-content\/uploads\/2024\/07\/Parthenon-1-300x200.jpg\" height=\"200\" width=\"300\" alt=\"\" class=\"slider-3792 slide-3799 msDefaultImage\" title=\"Parthenon-1\" style=\"display: none;\" \/><span>PARTHENON HOME &amp; BUSINESS - 2017<\/span><\/a>\n<a href=\"javascript:void(0)\" target=\"_self\"><img loading=\"lazy\" decoding=\"async\" src=\"https:\/\/neoabc.com.br\/novo-site\/wp-content\/uploads\/2024\/07\/Maralto-1-300x200.jpg\" height=\"200\" width=\"300\" alt=\"\" class=\"slider-3792 slide-3800 msDefaultImage\" title=\"Maralto-1\" style=\"display: none;\" \/><span>MARALTO PRIME- 2015<\/span><\/a>\n<a href=\"javascript:void(0)\" target=\"_self\"><img loading=\"lazy\" decoding=\"async\" src=\"https:\/\/neoabc.com.br\/novo-site\/wp-content\/uploads\/2024\/07\/Solar-300x200.jpg\" height=\"200\" width=\"300\" alt=\"\" class=\"slider-3792 slide-3801 msDefaultImage\" title=\"Solar\" style=\"display: none;\" \/><span>SOLAR DO ATL\u00c2NTICO-2014<\/span><\/a>\n<a href=\"javascript:void(0)\" target=\"_self\"><img loading=\"lazy\" decoding=\"async\" src=\"https:\/\/neoabc.com.br\/novo-site\/wp-content\/uploads\/2024\/07\/BOULEVARD-MIRAMAR-232x154.webp\" height=\"200\" width=\"300\" alt=\"\" class=\"slider-3792 slide-3794 msDefaultImage\" title=\"BOULEVARD-MIRAMAR\" style=\"display: none;\" \/><span>BOULEVARD MIRAMAR - 2013<\/span><\/a>\n<a href=\"javascript:void(0)\" target=\"_self\"><img loading=\"lazy\" decoding=\"async\" src=\"https:\/\/neoabc.com.br\/novo-site\/wp-content\/uploads\/2024\/07\/BOULEVARD-LUNA-1-292x194.jpg\" height=\"200\" width=\"300\" alt=\"\" class=\"slider-3792 slide-3802 msDefaultImage\" title=\"BOULEVARD-LUNA-1\" style=\"display: none;\" \/><span>BOULEVARD LUNA - 2012<\/span><\/a>\n<a href=\"javascript:void(0)\" target=\"_self\"><img loading=\"lazy\" decoding=\"async\" src=\"https:\/\/neoabc.com.br\/novo-site\/wp-content\/uploads\/2024\/07\/SAULO-MAIA-1-1-300x200.jpg\" height=\"200\" width=\"300\" alt=\"\" class=\"slider-3792 slide-3803 msDefaultImage\" title=\"SAULO-MAIA-1-1\" style=\"display: none;\" \/><span>SAULO MAIA - 2012<\/span><\/a>\n<a href=\"javascript:void(0)\" target=\"_self\"><img loading=\"lazy\" decoding=\"async\" src=\"https:\/\/neoabc.com.br\/novo-site\/wp-content\/uploads\/2024\/07\/CLOCIO-BELTRAO-1-300x200.jpg\" height=\"200\" width=\"300\" alt=\"\" class=\"slider-3792 slide-3804 msDefaultImage\" title=\"CLOCIO-BELTRAO-1\" style=\"display: none;\" \/><span>CL\u00d3CIO BELTR\u00c3O - 2011<\/span><\/a>\n<a href=\"javascript:void(0)\" target=\"_self\"><img loading=\"lazy\" decoding=\"async\" src=\"https:\/\/neoabc.com.br\/novo-site\/wp-content\/uploads\/2024\/07\/VELEIROS-1-300x200.jpg\" height=\"200\" width=\"300\" alt=\"\" class=\"slider-3792 slide-3805 msDefaultImage\" title=\"VELEIROS-1\" style=\"display: none;\" \/><span>VELEIROS - 2010<\/span><\/a>\n<a href=\"javascript:void(0)\" target=\"_self\"><img loading=\"lazy\" decoding=\"async\" src=\"https:\/\/neoabc.com.br\/novo-site\/wp-content\/uploads\/2024\/07\/CHATEAU-ROYAL-1-300x200.jpg\" height=\"200\" width=\"300\" alt=\"\" class=\"slider-3792 slide-3806 msDefaultImage\" title=\"CHATEAU-ROYAL-1\" style=\"display: none;\" \/><span>CHATEAU ROYAL - 2010<\/span><\/a>\n<a href=\"javascript:void(0)\" target=\"_self\"><img loading=\"lazy\" decoding=\"async\" src=\"https:\/\/neoabc.com.br\/novo-site\/wp-content\/uploads\/2024\/07\/BOULEVARD-BESSA-1-300x200.jpg\" height=\"200\" width=\"300\" alt=\"\" class=\"slider-3792 slide-3807 msDefaultImage\" title=\"BOULEVARD-BESSA-1\" style=\"display: none;\" \/><span>BOULEVARD BESSA-2009<\/span><\/a>\n<a href=\"javascript:void(0)\" target=\"_self\"><img loading=\"lazy\" decoding=\"async\" src=\"https:\/\/neoabc.com.br\/novo-site\/wp-content\/uploads\/2024\/07\/PARKROYAL-1-300x200.jpg\" height=\"200\" width=\"300\" alt=\"\" class=\"slider-3792 slide-3808 msDefaultImage\" title=\"PARKROYAL-1\" style=\"display: none;\" \/><span>PARK ROYAL - 2009<\/span><\/a>\n<a href=\"javascript:void(0)\" target=\"_self\"><img loading=\"lazy\" decoding=\"async\" src=\"https:\/\/neoabc.com.br\/novo-site\/wp-content\/uploads\/2024\/07\/BOULEVARD-CABO-BRANCO-1-300x200.jpg\" height=\"200\" width=\"300\" alt=\"\" class=\"slider-3792 slide-3809 msDefaultImage\" title=\"BOULEVARD-CABO-BRANCO-1\" style=\"display: none;\" \/><span>BOULEVARD CABO BRANCO-2008<\/span><\/a>\n<a href=\"javascript:void(0)\" target=\"_self\"><img loading=\"lazy\" decoding=\"async\" src=\"https:\/\/neoabc.com.br\/novo-site\/wp-content\/uploads\/2024\/07\/BOULEVARD-TAMBAU-1-e1725228498972-300x200.jpg\" height=\"200\" width=\"300\" alt=\"\" class=\"slider-3792 slide-3810 msDefaultImage\" title=\"BOULEVARD-TAMBAU-1\" style=\"display: none;\" \/><span>BOULEVARD TAMBA\u00da - 2006<\/span><\/a>\n<a href=\"javascript:void(0)\" target=\"_self\"><img loading=\"lazy\" decoding=\"async\" src=\"https:\/\/neoabc.com.br\/novo-site\/wp-content\/uploads\/2024\/07\/BOULEVARD-MANAIRA-1-300x200.jpg\" height=\"200\" width=\"300\" alt=\"\" class=\"slider-3792 slide-3811 msDefaultImage\" title=\"BOULEVARD-MANAIRA-1\" style=\"display: none;\" \/><span>BOULEVARD MANA\u00cdRA - 2007<\/span><\/a>\n<a href=\"javascript:void(0)\" target=\"_self\"><img loading=\"lazy\" decoding=\"async\" src=\"https:\/\/neoabc.com.br\/novo-site\/wp-content\/uploads\/2024\/07\/LOUVRE-1-300x200.jpg\" height=\"200\" width=\"300\" alt=\"\" class=\"slider-3792 slide-3812 msDefaultImage\" title=\"LOUVRE-1\" style=\"display: none;\" \/><span>LOUVRE - 2004<\/span><\/a>\n<a href=\"javascript:void(0)\" target=\"_self\"><img loading=\"lazy\" decoding=\"async\" src=\"https:\/\/neoabc.com.br\/novo-site\/wp-content\/uploads\/2024\/07\/VICTORY-TOWER-1-293x195.jpg\" height=\"200\" width=\"300\" alt=\"\" class=\"slider-3792 slide-3813 msDefaultImage\" title=\"VICTORY-TOWER-1\" style=\"display: none;\" \/><span>VICTORY TOWER - 2002<\/span><\/a>\n<a href=\"javascript:void(0)\" target=\"_self\"><img loading=\"lazy\" decoding=\"async\" src=\"https:\/\/neoabc.com.br\/novo-site\/wp-content\/uploads\/2024\/07\/CLAUDE-MONET-1-300x200.jpg\" height=\"200\" width=\"300\" alt=\"\" class=\"slider-3792 slide-3814 msDefaultImage\" title=\"CLAUDE-MONET-1\" style=\"display: none;\" \/><span>CLAUDET MONET - 2000<\/span><\/a>\n<a href=\"javascript:void(0)\" target=\"_self\"><img loading=\"lazy\" decoding=\"async\" src=\"https:\/\/neoabc.com.br\/novo-site\/wp-content\/uploads\/2024\/07\/AL-MANARA-1-300x200.jpg\" height=\"200\" width=\"300\" alt=\"\" class=\"slider-3792 slide-3815 msDefaultImage\" title=\"AL-MANARA-1\" style=\"display: none;\" \/><span>AL MANARA- 2001<\/span><\/a>\n<a href=\"javascript:void(0)\" target=\"_self\"><img loading=\"lazy\" decoding=\"async\" src=\"https:\/\/neoabc.com.br\/novo-site\/wp-content\/uploads\/2024\/07\/EL-GRECO-1-300x200.jpg\" height=\"200\" width=\"300\" alt=\"\" class=\"slider-3792 slide-3816 msDefaultImage\" title=\"EL-GRECO-1\" style=\"display: none;\" \/><span>EL GRECO - 1998<\/span><\/a>\n<a href=\"javascript:void(0)\" target=\"_self\"><img loading=\"lazy\" decoding=\"async\" src=\"https:\/\/neoabc.com.br\/novo-site\/wp-content\/uploads\/2024\/07\/CLAUDE-RENOAIR-1-300x200.jpg\" height=\"200\" width=\"300\" alt=\"\" class=\"slider-3792 slide-3817 msDefaultImage\" title=\"CLAUDE-RENOAIR-1\" style=\"display: none;\" \/><span>CLAUDE RENOAIR - 1997<\/span><\/a>\n<a href=\"javascript:void(0)\" target=\"_self\"><img loading=\"lazy\" decoding=\"async\" src=\"https:\/\/neoabc.com.br\/novo-site\/wp-content\/uploads\/2024\/07\/MICHELANGELO-1-300x200.jpg\" height=\"200\" width=\"300\" alt=\"\" class=\"slider-3792 slide-3818 msDefaultImage\" title=\"MICHELANGELO-1\" style=\"display: none;\" \/><span>MICHELANGELO-1995<\/span><\/a>\n<a href=\"javascript:void(0)\" target=\"_self\"><img loading=\"lazy\" decoding=\"async\" src=\"https:\/\/neoabc.com.br\/novo-site\/wp-content\/uploads\/2024\/07\/DORIANE-1-300x200.jpg\" height=\"200\" width=\"300\" alt=\"\" class=\"slider-3792 slide-3819 msDefaultImage\" title=\"DORIANE-1\" style=\"display: none;\" \/><span>EDF.DORIANE-1993<\/span><\/a>\n        <\/div>\n        \n    <\/div>\n<\/div><\/div>\n\t\t\t\t\t\t<\/div>\n\t\t\t\t<\/div>\n\t\t\t\t<\/div>\n\t\t\t\t<\/div>\n\t\t\t\t\t<\/div>\n\t\t\t\t<\/div>\n\t\t<div class=\"elementor-element elementor-element-15a8acb4 e-flex e-con-boxed e-con e-parent\" data-id=\"15a8acb4\" data-element_type=\"container\" data-e-type=\"container\">\n\t\t\t\t\t<div class=\"e-con-inner\">\n\t\t<div class=\"elementor-element elementor-element-e0d0451 e-con-full elementor-hidden-mobile e-flex e-con e-child\" data-id=\"e0d0451\" data-element_type=\"container\" data-e-type=\"container\">\n\t\t\t\t<\/div>\n\t\t<div class=\"elementor-element elementor-element-a1447ba e-con-full e-flex e-con e-child\" data-id=\"a1447ba\" data-element_type=\"container\" data-e-type=\"container\">\n\t\t\t\t<div class=\"elementor-element elementor-element-6b7f5606 elementor-widget elementor-widget-image\" data-id=\"6b7f5606\" data-element_type=\"widget\" data-e-type=\"widget\" data-widget_type=\"image.default\">\n\t\t\t\t<div class=\"elementor-widget-container\">\n\t\t\t\t\t\t\t\t\t\t\t\t\t\t\t\t<a href=\"https:\/\/aclengenharia-pb.com.br\/\" target=\"_blank\">\n\t\t\t\t\t\t\t<img loading=\"lazy\" decoding=\"async\" width=\"150\" height=\"150\" src=\"https:\/\/neoabc.com.br\/novo-site\/wp-content\/uploads\/2024\/01\/LOGO-ACL2020-BR-150x150.png\" class=\"attachment-thumbnail size-thumbnail wp-image-2852\" alt=\"\" srcset=\"https:\/\/neoabc.com.br\/novo-site\/wp-content\/uploads\/2024\/01\/LOGO-ACL2020-BR-150x150.png 150w, https:\/\/neoabc.com.br\/novo-site\/wp-content\/uploads\/2024\/01\/LOGO-ACL2020-BR-e1727797468912.png 100w\" sizes=\"(max-width: 150px) 100vw, 150px\" \/>\t\t\t\t\t\t\t\t<\/a>\n\t\t\t\t\t\t\t\t\t\t\t\t\t\t\t<\/div>\n\t\t\t\t<\/div>\n\t\t\t\t<\/div>\n\t\t<div class=\"elementor-element elementor-element-12fdc18d e-con-full e-flex e-con e-child\" data-id=\"12fdc18d\" data-element_type=\"container\" data-e-type=\"container\">\n\t\t\t\t<div class=\"elementor-element elementor-element-25d4054c elementor-widget elementor-widget-heading\" data-id=\"25d4054c\" data-element_type=\"widget\" data-e-type=\"widget\" data-widget_type=\"heading.default\">\n\t\t\t\t<div class=\"elementor-widget-container\">\n\t\t\t\t\t<h5 class=\"elementor-heading-title elementor-size-default\">EMPRESAS DO GRUPO<\/h5>\t\t\t\t<\/div>\n\t\t\t\t<\/div>\n\t\t\t\t<div class=\"elementor-element elementor-element-c86be87 elementor-position-top elementor-widget elementor-widget-image-box\" data-id=\"c86be87\" data-element_type=\"widget\" data-e-type=\"widget\" data-widget_type=\"image-box.default\">\n\t\t\t\t<div class=\"elementor-widget-container\">\n\t\t\t\t\t<div class=\"elementor-image-box-wrapper\"><figure class=\"elementor-image-box-img\"><img loading=\"lazy\" decoding=\"async\" width=\"300\" height=\"250\" src=\"https:\/\/neoabc.com.br\/novo-site\/wp-content\/uploads\/2024\/05\/LOGO-QUADRADA-BRANCA_20240520_232702_0000-300x250.png\" class=\"attachment-medium size-medium wp-image-2193\" alt=\"\" \/><\/figure><\/div>\t\t\t\t<\/div>\n\t\t\t\t<\/div>\n\t\t\t\t<\/div>\n\t\t<div class=\"elementor-element elementor-element-55a71995 e-con-full e-flex e-con e-child\" data-id=\"55a71995\" data-element_type=\"container\" data-e-type=\"container\">\n\t\t\t\t<div class=\"elementor-element elementor-element-48340bd elementor-widget elementor-widget-image\" data-id=\"48340bd\" data-element_type=\"widget\" data-e-type=\"widget\" data-widget_type=\"image.default\">\n\t\t\t\t<div class=\"elementor-widget-container\">\n\t\t\t\t\t\t\t\t\t\t\t\t\t\t\t\t<a href=\"https:\/\/patioaltiplano.com.br\/\" target=\"_blank\">\n\t\t\t\t\t\t\t<img loading=\"lazy\" decoding=\"async\" width=\"150\" height=\"150\" src=\"https:\/\/neoabc.com.br\/novo-site\/wp-content\/uploads\/2024\/01\/LOGO-PATIO-150x150.png\" class=\"attachment-thumbnail size-thumbnail wp-image-2853\" alt=\"\" srcset=\"https:\/\/neoabc.com.br\/novo-site\/wp-content\/uploads\/2024\/01\/LOGO-PATIO-e1718055418833.png 150w, https:\/\/neoabc.com.br\/novo-site\/wp-content\/uploads\/2024\/01\/LOGO-PATIO-300x300.png 300w\" sizes=\"(max-width: 150px) 100vw, 150px\" \/>\t\t\t\t\t\t\t\t<\/a>\n\t\t\t\t\t\t\t\t\t\t\t\t\t\t\t<\/div>\n\t\t\t\t<\/div>\n\t\t\t\t<\/div>\n\t\t<div class=\"elementor-element elementor-element-4349709d e-con-full elementor-hidden-mobile e-flex e-con e-child\" data-id=\"4349709d\" data-element_type=\"container\" data-e-type=\"container\">\n\t\t\t\t<\/div>\n\t\t\t\t\t<\/div>\n\t\t\t\t<\/div>\n\t\t\t\t<\/div>\n\t\t","protected":false},"excerpt":{"rendered":"<p>https:\/\/neoabc.com.br\/novo-site\/wp-content\/uploads\/2024\/07\/Inserir-um-subtitulo_20240718_110412_0001.mp4 Uma Empresa \u00e0 VANGUARDA DO NOVO. \u201cNosso maior compromisso \u00e9 proporcionar a maior satisfa\u00e7\u00e3o poss\u00edvel aos nossos clientes, oferecendo-lhes produtos de qualidade e honrando nossos comprometimentos de entregar no prazo pactuado e estar sempre inovando com o que h\u00e1 de mais moderno na constru\u00e7\u00e3o civil.&#8221; Mensagem do nosso Fundador Presidente\u00a0 \u00a0 \u00a0 \u00a0 \u00a0 [&hellip;]<\/p>\n","protected":false},"author":1,"featured_media":0,"parent":0,"menu_order":0,"comment_status":"closed","ping_status":"closed","template":"","meta":{"_acf_changed":false,"_eb_attr":"","footnotes":""},"class_list":["post-1938","page","type-page","status-publish","hentry"],"acf":[],"aioseo_notices":[],"_links":{"self":[{"href":"https:\/\/neoabc.com.br\/novo-site\/wp-json\/wp\/v2\/pages\/1938","targetHints":{"allow":["GET"]}}],"collection":[{"href":"https:\/\/neoabc.com.br\/novo-site\/wp-json\/wp\/v2\/pages"}],"about":[{"href":"https:\/\/neoabc.com.br\/novo-site\/wp-json\/wp\/v2\/types\/page"}],"author":[{"embeddable":true,"href":"https:\/\/neoabc.com.br\/novo-site\/wp-json\/wp\/v2\/users\/1"}],"replies":[{"embeddable":true,"href":"https:\/\/neoabc.com.br\/novo-site\/wp-json\/wp\/v2\/comments?post=1938"}],"version-history":[{"count":97,"href":"https:\/\/neoabc.com.br\/novo-site\/wp-json\/wp\/v2\/pages\/1938\/revisions"}],"predecessor-version":[{"id":4820,"href":"https:\/\/neoabc.com.br\/novo-site\/wp-json\/wp\/v2\/pages\/1938\/revisions\/4820"}],"wp:attachment":[{"href":"https:\/\/neoabc.com.br\/novo-site\/wp-json\/wp\/v2\/media?parent=1938"}],"curies":[{"name":"wp","href":"https:\/\/api.w.org\/{rel}","templated":true}]}}